-2*k - 2*u + 692 = 0, 5*u = -0*k + 4*k - 1348. What is the remainder when k is divided by 15?
12
What is the remainder when 2 - (4 - 28) - 0/4 is divided by 14?
12
Let x(m) = -4*m**3 - 6*m**2 - m - 10. What is the remainder when x(-3) is divided by 39?
8
Suppose 9*x + 5 = 10*x, 4*z = x + 31. Calculate the remainder when 129 is divided by z.
3
Suppose -199 = -18*j - 263 + 946. What is the remainder when j is divided by 1*3*19/3?
11
Suppose 68 = 3*r - 5*q, 2*q + 0 + 72 = 4*r. What is the remainder when 31 is divided by r?
15
What is the remainder when 261 is divided by (5/(-10))/((-5345)/890 - -6)?
83
What is the remainder when (2769/(-9) + 5)*(-9)/12 is divided by 19?
18
Let q = -592 - -595. Suppose 0*n = 2*n - 8. Suppose -n*h = -2*i + 70, 2*h + 93 = 6*i - q*i. Calculate the remainder when i is divided by 8.
5
Let r = 54 + -45. Let x = 27 - r. What is the remainder when 34 is divided by x?
16
Let l(f) = f**3 - 7*f**2 + 8*f - 9. Let r be l(6). Let u be (-4 + 5 - -3) + r. Suppose -50 = -u*h - 8. What is the remainder when 11 is divided by h?
5
Let h = 7 - 12. Let p(v) = -v + 6. Suppose 9*t - 636 + 591 = 0. Calculate the remainder when p(h) is divided by t.
1
Let f(m) = -m**2 - 6*m + 7. Let z be f(-5). Let x(i) = i**2 - 11*i - 15. Let s be x(z). Let w(n) = -18*n - 2. What is the remainder when w(s) is divided by 14?
10
Let s(k) = 9*k + 7. Let g = 15 - 11. Calculate the remainder when s(g) is divided by 26.
17
Suppose 3*h - 14*h + 55 = 0. Let s be 1 - ((0 - -2) + -5). Suppose 0 = -h*a + s*b + 13, -5*a + 12 + 22 = 3*b. What is the remainder when 13 is divided by a?
3
Let b(t) = -13*t + 372. What is the remainder when 75 is divided by b(23)?
2
Suppose s = -0*s + 2. Suppose 0 = 4*v + 2*z - 128, -s*v + 7*v - z = 167. What is the remainder when 129 is divided by v?
30
Suppose b = -3*b - 8. Let s = 10 + b. Suppose -t = -9 - 4. Calculate the remainder when t is divided by s.
5
Suppose -7*v + 4 = -5*v. Suppose 12 = 2*t + 3*a, -2*t - v*a = -17 + 3. What is the remainder when t is divided by 6?
3
Suppose 0 = 18*k - 14*k - f - 167, -4*k = -2*f - 162. Calculate the remainder when 270 is divided by k.
12
Suppose -3*u + 505 = -4*r, 2*r - 482 = -3*u + 17. What is the remainder when u is divided by 36?
23
Let s = 468 - 342. Calculate the remainder when s is divided by 31.
2
Let r = 31 - 54. Let v = r + 46. Calculate the remainder when v is divided by 8.
7
Suppose q + 4*f = -6, -2*q - f + 2 = -0. Suppose 0 = -q*t + 20 + 20. What is the remainder when 39 is divided by t?
19
Let t = 223 - 122. Let w = t - 86. What is the remainder when 42 is divided by w?
12
Suppose -s - 7 = -3*a, 17*s - 20*s + 4*a = -4. What is the remainder when s is divided by 7?
1
Let m be ((-8)/(-10))/(6/990). Suppose m = 4*b + g, -3*b + 76 = -5*g - 23. Let s = 54 - b. What is the remainder when 82 is divided by s?
19
Let r(n) = n**3 + 8*n**2 - 7*n + 8. Let b be r(-9). Let o = 7 - b. What is the remainder when 33 is divided by o?
16
What is the remainder when 3/((96/244)/8) is divided by 21?
19
Let b(f) = -11*f + 243. Calculate the remainder when b(3) is divided by 66.
12
What is the remainder when 118 is divided by 1 - (5/20 + (-203)/28)?
6
Suppose -135 = -3*l + 18*k - 13*k, 6*k + 225 = 5*l. Suppose 39 = 2*d - 7. What is the remainder when l is divided by d?
22
Let b(o) = 142*o + 478. What is the remainder when b(-3) is divided by 17?
1
Calculate the remainder when 54 is divided by 17 + 12 + -5 - 2.
10
Let v = 704 - 665. Calculate the remainder when 53 is divided by v.
14
Suppose -p + 8 = -a, 0 = -p - 0*a - 2*a + 20. Suppose -105 - 57 = -2*n. What is the remainder when n is divided by p?
9
Let j be 2 + (-15)/(-9) - (-6)/18. Suppose j*f = 3*m + 95, -m + 0 = f - 15. Calculate the remainder when f is divided by 11.
9
Let u be (-4 - -3) + (-8)/(-4). Suppose 2*x - 70 = -3*x. What is the remainder when x is divided by (-4)/48*-4*15/u?
4
Let m(p) = -2*p**2 - 44*p - 139. What is the remainder when m(-7) is divided by 44?
27
Let f(a) = a**3 - 4*a**2 - 4*a - 3. Let v be f(5). Suppose 9 + v = s. Calculate the remainder when 41 is divided by s.
8
Suppose j = 5*w - w - 409, -j + 305 = 3*w. Let c = 11 + 15. What is the remainder when w is divided by c?
24
Let s(o) = o**3 - 19*o**2 - o - 2. Let v be s(18). Let x = -224 - v. Calculate the remainder when x is divided by 31.
27
Suppose -w = 17*w - 3276. Calculate the remainder when w is divided by (-18)/(-6) - (2 + -36).
34
Let m(i) = 8 + 0 - i - i**2 + 6*i. Calculate the remainder when m(6) is divided by (-5)/(-7) + (-2)/(-7).
0
Suppose -4*r = -4*n - 368, 68*r - 88 = 67*r + 3*n. What is the remainder when 1033 is divided by r?
93
Suppose 0 = 24*m - 17*m - 343. Calculate the remainder when 138 is divided by m.
40
Let s(u) = -3*u**3 - 2*u**2 - 2*u - 1. Calculate the remainder when s(-4) is divided by 84.
83
Suppose x = 9 - 3. Let f = -8 + 11. Suppose -f*h + 10 = -2*h. Calculate the remainder when h is divided by x.
4
Calculate the remainder when 137 is divided by (-2)/10 + 3 + 933/15.
7
Suppose -3*h + 12 = 0, 448 = -4*i + 2*h + h. Let s = -85 - i. Let o(w) = 3*w - 9. Calculate the remainder when s is divided by o(6).
6
Let k(s) = -s**3 - 27*s**2 - 19*s + 186. Calculate the remainder when (-34)/(-6) + (-4)/6 is divided by k(-26).
1
Suppose 3*r = -3*r + 672. What is the remainder when r is divided by 6?
4
Let u = 23 + -20. Let y = -240 - -277. Calculate the remainder when y is divided by u.
1
Let h = 28 - 13. Let r = h + 44. Let t(u) = -5*u + 1. Calculate the remainder when r is divided by t(-3).
11
Suppose 0 = 5*a + 2 - 42. Let m(y) = -y**2 + 15*y + 29. Calculate the remainder when m(16) is divided by a.
5
Let k = 42 + -47. Let r(p) = -p**3 - 7*p**2 - 11*p. Calculate the remainder when r(k) is divided by 2.
1
Let m(z) = 47*z**2 + 7*z - 14. Calculate the remainder when m(2) is divided by 9.
8
Let y = 460 + -270. What is the remainder when y is divided by 8?
6
Suppose 0*g - 2*g = 5*a - 73, -8 = -2*g. Suppose 4*l + 441 = a*l. Calculate the remainder when 96 is divided by l.
47
Let z = 9 - -2. Suppose 0 = -15*u + z*u + 8. Suppose 4*p = u*i - 76, -5*i + 218 = 2*p - 5*p. Calculate the remainder when i is divided by 25.
21
Let x(g) = g**3 - 15*g**2 - 17*g + 23. Let s(n) = n**3 + 5*n**2 - 2*n. Calculate the remainder when s(-4) is divided by x(16).
3
What is the remainder when 12/7*(7 + 5 - -2) is divided by 6/(-3)*5/(-2)?
4
Let i(m) = 39*m + 42. What is the remainder when i(4) is divided by (-6)/18 + (-302)/(-6)?
48
Let x be (4/10)/((-7)/(-35)) + 34. Suppose 0 = b - x - 99. What is the remainder when b is divided by 46?
43
Suppose -t - 2 = -7. Suppose 2*q - 70 = -64. Suppose -q*s - t = -86. What is the remainder when s is divided by 10?
7
Suppose o + 0 - 1 = -2*t, 0 = o + t - 3. Calculate the remainder when 76 is divided by o.
1
Let y(x) be the second derivative of -x**5/20 + 9*x**4/4 - 10*x**3/3 + 5*x**2 - 22*x. What is the remainder when y(26) is divided by 42?
40
Suppose -2*i + 23 = -33. What is the remainder when 15408/36*(-1)/(-4) is divided by i?
23
Suppose 5*r + 0*r = 30. Calculate the remainder when 74 is divided by 2*(116/r + 3/(-9)).
36
Let b = -17 + -9. Let x = b - -26. Suppose x = 3*h + 2*h - 115. Calculate the remainder when 67 is divided by h.
21
Let s = 121 + -80. Suppose 5*d - 22 = -4*y + 37, -3*d = -4*y - 29. What is the remainder when s is divided by d?
8
Suppose -2*b - 2*d + d = -14, -d = -3*b + 31. Suppose 3*r - b = 72. Suppose 0*c - n = 2*c - 109, n - 161 = -3*c. What is the remainder when c is divided by r?
25
Suppose 9*y + 1576 = 4*f + 4*y, 3*y - 1970 = -5*f. Calculate the remainder when f is divided by 5.
4
Suppose 5*k + f = 261 + 64, 130 = 2*k + 2*f. Suppose 0 = -2*w + 5 + k. Let m = 96 + -78. Calculate the remainder when w is divided by m.
17
Let g be (-11 - 1)*(-5)/(45/48). Suppose -8*o + 184 - g = 0. What is the remainder when o is divided by 8?
7
Suppose -3*n + 14 = -4*i + 100, 16 = i + 2*n. What is the remainder when (-38)/(-4)*(21 + -17) is divided by i?
18
Suppose -4*w + 526 = -2*w - 4*x, -14*w = -3*x - 3732. Calculate the remainder when w is divided by 24.
3
Let b be 52/(-2)*(-3)/6. Let a = b - 17. What is the remainder when a/(-20) + (-696)/(-20) is divided by 18?
17
Let x = 533 + -220. Suppose -z - x + 28 = -3*s, -291 = -3*s + 3*z.